c - 26. Let y(r) = r**3 - 7*r**2 + 8*r - 5. Calculate y(c).
7
Let v(p) = -p**2 + 3*p + 1. Let w(r) = r**3 - 2*r**2 + 2*r + 1. Let a be w(2). What is v(a)?
-9
Let m(r) = r**2 + 6*r + 4. Let w(t) = 2*t**2 + t. Let u be w(-3). Suppose 2*f = -5*z - 21, -z + 0*z - u = -5*f. What is m(z)?
-1
Suppose 5*p = -5*a + 30, 2*a = -2*p - 2*p + 22. Let t(c) = -3*c + p*c - c - 3 - 3*c. Calculate t(-4).
5
Let m(c) = c. Let d = -37 + 42. Determine m(d).
5
Let v(m) = m**3 - 4*m**2 + m - 2. Suppose -3*j + 15 = 3. Give v(j).
2
Let q(k) = -35*k**3 + 5 + 19*k**3 + 15*k**3 + 0. What is q(0)?
5
Let s(t) = 3 - 2 + t + t. Let r = -92 - -94. Calculate s(r).
5
Let j(a) = a + 1. Let i be 4 - 0 - (-6)/3. Determine j(i).
7
Let h = -2 - 1. Let m(c) = 5 - c - 1 - 5 - 3. Determine m(h).
-1
Let l(u) = -1 - 3*u + u**3 + 25*u**2 - u - 28*u**2. Give l(4).
-1
Let a(x) = -2*x + 5 + 5 - 13 + x**2. Give a(-2).
5
Suppose 0*f = 3*f - 3. Let x be (-4)/2 + (6 - 3). Let p(r) = -f - 4*r + x - 1. Calculate p(-2).
7
Suppose -4*o - 3 = -3*v - 2, 3*o - 3*v = -3. Let h be o/(-8) + 21/4. Let q(a) = -a**3 + 6*a**2 - 7*a + 3. Give q(h).
-7
Let q(g) = 0*g - 3 + 0*g - 2*g - 2*g. What is q(-2)?
5
Suppose -5*a = -3*a - 6. Let b(j) = 3 + 2*j + 0 - 2 - 5. What is b(a)?
2
Let l(o) = o. Let j(t) be the first derivative of -5*t**2/2 + 1. Let z(u) = 6*j(u) + 33*l(u). Give z(-4).
-12
Suppose -5*h + 0 = 3*v + 31, 0 = 4*h - v + 18. Let o(z) = z**2 + 6*z + 2. Calculate o(h).
-3
Let z(j) = -j**2 + 2. Let a = 29 + -31. Calculate z(a).
-2
Let t(r) = -2*r + 7. Let i = -25 + 12. Let n = -8 - i. Calculate t(n).
-3
Let p = 30/13 - -5/26. Let r(w) be the first derivative of 4/3*w**3 - 3 + 1/4*w**4 + p*w**2 + 2*w. Give r(-3).
-4
Let b(k) = -k**2 - 3*k + 1. Let d be 1/(-3) + 25/3. Suppose -g + d = -3*g. What is b(g)?
-3
Let z(y) be the second derivative of y**5/20 + 5*y**4/12 - 7*y**3/6 + y. Let x = -17 + 11. Determine z(x).
6
Let h(t) = 7*t - 1. Let m = 0 - -1. Calculate h(m).
6
Let q(y) = -8 + 10 - y - 3. What is q(-8)?
7
Let w be (8/12)/(4/(-6)). Let z(p) = 3*p**3. What is z(w)?
-3
Let s(r) be the second derivative of r**4/6 + r**3/3 + r**2 - r. Calculate s(-3).
14
Suppose -3*h + 24 = -7*h. Let l(m) = m + 7. Let i(q) = 1. Let x(f) = -5*i(f) + l(f). Calculate x(h).
-4
Let c(a) = 28 + a - 42 + 27. What is c(0)?
13
Let g(t) = -8*t + 1. Let c(s) = -1. Let q(j) = 2*c(j) + g(j). Let a(z) = 2 + 3 - 9*z - 6. Let h(l) = -5*a(l) + 6*q(l). Determine h(-2).
5
Let s(a) = -a**3 + 5*a**2 + 8*a - 1. Suppose 3*m = 0, 4*d - 3*m - 90 = d. Suppose b - d = -4*b. What is s(b)?
11
Let a = 8 - 7. Let j(s) = 8*s**3 + 1. Give j(a).
9
Let h(k) be the third derivative of k**6/24 + k**5/30 + k**4/24 + 43*k**2. Determine h(-1).
-4
Let o(r) = 2 + 10*r - 3 + 5. Let u(s) = -3*s - 1. Let h(j) = -2*o(j) - 7*u(j). Let l(c) = 5*c + 8. Let m(n) = -4*h(n) + l(n). What is m(-5)?
7
Let v = 12 - 10. Let q(a) = -a - v*a**3 + 6*a - 3*a - 4*a**2 + 3*a**3. Determine q(3).
-3
Let g(q) = q**3 + 10*q**2 - 12*q - 7. Let t be g(-11). Suppose t*c = -1 + 5. Let o(l) be the second derivative of l**3/6 - l**2/2 + l. Calculate o(c).
0
Let c(m) = m + 2*m**2 + 3 - m**3 + 2*m - m**2. Let y be ((-2)/2)/(4/8). What is c(y)?
9
Let o(b) = 8 + b - 2*b - 11. Determine o(6).
-9
Let z(d) = -d**2 + 2*d + 1. Let f(a) = -2*a**2 + 3*a + 2. Let b(q) = -2*f(q) + 5*z(q). Determine b(4).
1
Suppose 3*j = -5*l + 16, -3*j + 10 = 2*j. Let b(y) = y**3 + y**2 + 3*y - 2. Give b(l).
16
Let u = 10 + -10. Suppose -2 = 2*a - u. Let c = a - -3. Let h(s) = 3*s**2 - 2*s - 2. Give h(c).
6
Suppose 3*a - 6*n - 10 = -2*n, 0 = 3*a + 2*n + 14. Suppose -5*q = -3*o - 19 - 0, -5 = -5*o + q. Let z(k) = -2*k - o - k + k + 4*k. What is z(a)?
-6
Let b(t) = 3*t**2 - 4*t**2 + 2 + 6*t + 0 - 5. Let k be b(5). Let o(d) = 3 - k*d - 6*d**2 - d**3 - 3*d - 7. Determine o(-5).
-4
Suppose 3*f - 2 = 10. Suppose 2*s = -4*l + 18, 0 = 4*s - f*l - 0*l + 12. Suppose -5*m + 9 = -s. Let k(g) = -3*g + 3. Give k(m).
-3
Let h(l) = l + 3. Let k be h(-4). Let c be (-2)/k*(-3 + 2). Let o(x) = -4*x**2 + x + 6. Let g(m) = m**2 - 1. Let f(u) = -6*g(u) - o(u). Calculate f(c).
-6
Let o be 2/((-5)/(5/2)). Let h(u) = 3*u. Calculate h(o).
-3
Let z(f) be the second derivative of -f**3/6 + f**2 - 2*f. Let s be 24/(-15) - (-4)/(-10). Let r be (s/6)/(2/(-6)). Calculate z(r).
1
Let y = -3 - -4. Let c = y - -1. Let w(q) = -c + 4 + 3*q - 3. Give w(-1).
-4
Let s(l) = -3*l**2 + 5*l - 5. Let t(j) = -4*j**2 + 5*j - 4. Let q(b) = 3*s(b) - 2*t(b). Calculate q(5).
-7
Let o = 3 - 1. Suppose -5*l = -4*l + 5, 2*y - 2 = -o*l. Let r(p) = y*p - 1 - 2*p + p. Calculate r(-1).
-6
Let r(z) be the first derivative of z**3/3 + z**2/2 - 6*z + 2. Suppose -9 = -4*s - 1. Let a be (0*(2 + -3))/s. Calculate r(a).
-6
Let n(d) = -d - 6. Let o = 24 + -16. Suppose 0 = -3*v + v - o. Calculate n(v).
-2
Let t be -4*(44/(-16) + 2). Suppose 0 = 2*s - v, -6*s + 4*s - t*v = -8. Let i(h) = 4*h**2 + 1. Determine i(s).
5
Let t(c) = 6*c**2 - 8*c - 10. Let p(v) = -7*v**2 + 9*v + 11. Let g(u) = 5*p(u) + 6*t(u). What is g(4)?
-1
Let m(h) be the first derivative of h**4/4 + 5*h**3/3 - 3*h**2/2 - 4*h - 74. Let y be -1 - 0/(1 + 1). Let w be (5/(-3))/(y/(-3)). Give m(w).
11
Let r(z) be the first derivative of -7*z**3/3 - z**2/2 - z + 5. Calculate r(-1).
-7
Let y(o) = -11 + o**3 - 4*o - 2 + 10. Suppose -3*x = 2*t + 13 + 6, 2*t = -4*x - 24. Calculate y(t).
-3
Let x(u) = 3*u**2 - u - 1. Let q(j) = -j**3 + 5*j**2 - j + 7. Let i be q(5). Let w(m) = 7*m**2 - 2*m - 2. Let d(s) = i*w(s) - 5*x(s). Give d(3).
-5
Suppose 8 = 4*w + b - 6*b, -3*w + 4*b = -5. Let q(f) = -14*f**2 + 7*f - w*f. What is q(-1)?
-14
Let q(j) = -5*j + 1. Let u be q(-1). Let z(r) = 5 + 0*r - u - 3*r - r. Give z(-2).
7
Let g(c) = -c**2 - 2 + 5 - 6 - 6*c. What is g(-2)?
5
Let w(p) = 2*p**2 - 2*p + 1. Let c(d) = 2*d**2 - 2*d + 1. Let n(o) = -3*c(o) + 4*w(o). What is n(1)?
1
Let f(v) = -v**2 - 3. Let n be f(0). Let y(h) = 11*h**3 + 6*h**2 - 11*h + 11. Let r(l) = -5*l**3 - 3*l**2 + 5*l - 5. Let i(b) = 9*r(b) + 4*y(b). Give i(n).
-4
Suppose g = 5*g. Let i = 1 + g. Let k(v) be the second derivative of v**3/6 - v**2 - 7*v. What is k(i)?
-1
Suppose 5*z - z = 12. Suppose -14 = 3*k + v - 5*v, -5*k = -z*v + 16. Let y(d) = 2*d**3 + d**2 - 2*d + 1. Give y(k).
-7
Let m = 8 + -3. Let z = m + -1. Let t(x) = -x**2 + 5*x + 3. Determine t(z).
7
Let a(h) be the first derivative of h**5/120 - h**4/12 - 4*h**3/3 - 2. Let r(u) be the third derivative of a(u). Calculate r(0).
-2
Let o(h) = 2*h - 2. Let k(i) = 7*i - 6. Let m(l) = -3*k(l) + 8*o(l). Let b(d) = 2*d - 1. Let c(v) = 8*b(v) + 3*m(v). Let y be (-10)/1*4/10. What is c(y)?
-6
Let x(r) be the third derivative of r**4/24 + r**3/3 + 18*r**2. Let g be 1/2 + (-35)/10. Give x(g).
-1
Let k(n) = 26*n - 24*n + 2 + 1. Give k(-2).
-1
Let y(w) be the first derivative of -w**5/20 - w**4/12 + w**3/6 - w**2 + 2. Let b(q) be the second derivative of y(q). What is b(1)?
-4
Let r(c) be the second derivative of 7*c**5/20 + 19*c. Determine r(1).
7
Let q(p) be the third derivative of 0 - 1/12*p**4 - 3*p**2 + 0*p - 1/6*p**3. Suppose -2*l - 1 = -5. Calculate q(l).
-5
Let t(r) = r**3 + 4*r**2 + 2*r + 6. Let z = 5 - 9. What is t(z)?
-2
Let d be (2 + (2 - 6))*-1. Let v(b) = 3*b + 0*b**d + 1 - b**2 + b. What is v(3)?
4
Let p(m) = -m + 2. Let y(w) = -2*w. Let q be y(-2). Suppose 0 = -2*s - 3*s + 4*u + 8, -4*s + 8 = -q*u. Suppose 2*d + d - 3*l = 0, s = d + 3*l - 8. Give p(d).
0
Let w(b) be the third derivative of b**6/120 + b**5/60 - b**3/6 + b**2. Suppose 0*n + 2*g = n + 5, -n + 7 = 4*g. Calculate w(n).
-1
Let r(y) = -y**2 - 6*y. Suppose -32 = -5*u - 12. Let m = -8 + u. What is r(m)?
8
Let f(w) = 3*w - 5. Let g(x) = -x + 5. Let p be g(-15). Suppose -t - t = -2*i - 16, -5*t = 5*i - p. Determine f(t).
13
Let w(y) = 2 - 5 + 8*y - 9. Let n(o) = 3*o - 4. Let f(r) = -11*n(r) + 4*w(r). Let v = -8 + 6. What is f(v)?
-2
Let b be 0/(5/((-5)/(-2))). Suppose -5*s + 0 + 20 = b. Let q(m) = -3*m + m**3 - m - s + 1 + m**2. Determine q(-2).
1
Let w(q) = 11 + 6 + q - 4. Let h be w(-14). Let i(l) = -6*l**3 - 2*l**2 - 2*l - 1. What is i(h)?
5
Let z = -5 - -11. Suppose -2*b + 0*b + z = 0. Let h(u) = -2*u + 0*u - b*u + u**2. Calculate h(4).
-4
Let c = 7489/24 - 312. Let o(d) be the third derivative of 1/30*d**5 + 0 + 0*d**3 - 1/30*d**6 + 0*d + 4*d**2 + c*d